 p. What is the greatest common factor of q and 48?
12
Suppose 494 = 46*y - 33*y. What is the highest common divisor of y and 2?
2
Let q(l) = -6*l**3 + 3*l**2 + 5*l - 3. Let b be q(3). Let h = 297 + b. Let o = 264 - h. What is the greatest common factor of 10 and o?
10
Let j(n) = 23*n**2 + 2*n - 1. Let m be j(1). Suppose 5*h - 2*t - m = 6, 0 = 4*h - t - 24. What is the highest common divisor of h and 66?
6
Suppose -5*l = 2*h - 2*l, 3*h - 30 = 3*l. What is the greatest common divisor of 147 and h?
3
Let b be (-22)/(-2*(-6)/(-54)). What is the highest common factor of b and 9?
9
Let b(o) = -o**2 + 18*o - 74. Let l be b(10). Let i(y) = 0*y + 18 + 2*y**3 - 2*y - 6 - 8*y**2. Let s be i(l). What is the greatest common divisor of 16 and s?
16
Let b(x) = -5*x**2 - 18*x + 11. Let j(f) = -f**2 - f. Let h(d) = -b(d) + 6*j(d). Let t be h(10). Calculate the highest common divisor of t and 3.
3
Let d be 1 + 3/(-1)*(6 + -7). Suppose -z + 0*z + 79 = 4*g, -2*z = -3*g + 62. Calculate the highest common factor of g and d.
4
Let x be (-22)/(-88)*26*2. What is the highest common divisor of 611 and x?
13
Let j(w) = 2*w - 1. Let s be j(1). Let l be 0 - 2/2 - s. Let p be (l - 7)*(1 - 2). What is the greatest common factor of 9 and p?
9
Let h(y) = y**2 + 6*y + 5. Let j be h(-5). Suppose 5*c + 2*r - 26 = 4*c, j = 3*r - 9. Let t = 118 - 68. What is the greatest common factor of t and c?
10
Let y be ((-9)/(-4))/((-30)/(-400)*1). Calculate the greatest common factor of y and 40.
10
Let j be 3 + (-1)/(-1) + 4. Calculate the greatest common factor of j and 40.
8
Suppose 3*d + 2*f = 26, -2*d = -6*d + 2*f + 16. Calculate the highest common divisor of d and 2106.
6
Let n(x) = x**3 + x**2 - 7*x + 6. Let m be n(5). Calculate the highest common divisor of 11 and m.
11
Suppose -11*b + 4*b + 105 = 0. Let d be ((-42)/9 - 0)/((-5)/b). What is the greatest common factor of d and 168?
14
Suppose 253 = 12*a + 11*a. Calculate the greatest common factor of 132 and a.
11
Let u be 20*((-228)/(-16) - 3). What is the greatest common divisor of 18 and u?
9
Let x(t) = -6*t - 45. Let n be x(-9). Let j be 35/2 + 4/(-4 - -12). What is the highest common divisor of n and j?
9
Suppose 0 = -10*t + 30 + 150. What is the greatest common divisor of t and 42?
6
Let g = -339 - -739. Calculate the greatest common factor of g and 16.
16
Let v(u) = 8*u**2 + 7*u - 2. Let z be v(1). What is the highest common factor of z and 637?
13
Suppose 18*v = 10*v + 32. Let d be v*(-27)/(-36) - (1 + 0). Calculate the highest common divisor of 2 and d.
2
Suppose 16*z - 23*z = -6825. Calculate the greatest common divisor of 26 and z.
13
Let z be 370/(-3)*156/(-130) - -2. What is the highest common divisor of z and 10?
10
Let p(t) = -t**2 + 55. Let x be p(0). Suppose -72*u = -58*u - 770. Calculate the highest common divisor of x and u.
55
Let d(s) = 4*s**3 - 3*s**2 + 4. Let r(y) = y**2 + 2. Let m be r(0). Let o be d(m). What is the greatest common divisor of o and 3?
3
Let n(l) = 2*l**2 - 2*l + 85. Let x be 2/3 + 42/(-63). Let r be n(x). Suppose -102 = -6*o + 3*o. What is the highest common divisor of r and o?
17
Let c = 2546 + -2462. What is the greatest common divisor of 300 and c?
12
Let p = -806 + 812. Suppose 7 = 4*i + 3*l, -6*l = -3*i - l + 27. Let a(w) = -w**2 + 5*w. Let r be a(i). Calculate the greatest common divisor of r and p.
2
Let q(x) = -x**3 + 13*x**2 + 3*x - 36. Let f be q(13). Suppose 2*o - 6 = 0, 54 = 2*h + h + f*o. What is the greatest common factor of h and 25?
5
Suppose 58*y - 994 - 1442 = 0. What is the greatest common factor of y and 357?
21
Suppose 2*w + 14 + 66 = 0. Let f = 70 + w. Let d(q) = q**3 - 3*q**2 - 5*q - 3. Let s be d(6). What is the greatest common factor of f and s?
15
Let m = -102 + 118. Calculate the highest common divisor of 20 and m.
4
Suppose 16 = 3*z - 23. What is the highest common factor of 611 and z?
13
Suppose -2*q - 86 = -3*v, 0*q - 28 = -v + q. Suppose -4*t + 19 - 3 = 0. Let h = v - t. Calculate the greatest common factor of h and 39.
13
Suppose -s - 24 = -47. Calculate the highest common divisor of s and 207.
23
Let m be -36 - -34 - 6*14/(-4). Let j be 3/4*4 + 398. Let c = j + -268. What is the greatest common factor of c and m?
19
Suppose 2*s = -5*g + 40, 4*s - 110 = -38*g + 43*g. Calculate the highest common factor of 2425 and s.
25
Suppose 4*d = -y - 127, 4*d + 84 = 2*y - 58. Let v = 81 + d. What is the highest common divisor of v and 32?
16
Let x(s) = 84*s**3 + 3*s**2 - 3*s. Let c be x(1). What is the greatest common divisor of c and 140?
28
Let a be 12 - ((4 - 10) + 2). Calculate the greatest common divisor of 32 and a.
16
Suppose 9*p = 12 + 6. Suppose p*h - u = 2*u + 21, 3*h - 5*u = 31. What is the greatest common divisor of 132 and h?
12
Let t be 2 - (-9 - (2 - 3)). Let i(m) be the second derivative of m**3 - 2*m**2 - 3*m. Let h be i(4). Calculate the greatest common divisor of t and h.
10
Let r = -77 + 103. Let n = r + -24. Suppose 7 - 3 = y. What is the greatest common factor of y and n?
2
Let l = -37 - -39. Suppose 4*r - 1236 = b, 3*r - 1248 = -r - l*b. Calculate the greatest common divisor of 62 and r.
62
Let m(o) = o**2 + 11*o - 94. Let r be m(-18). Let f(b) = 3*b - 5. Let g be f(7). Suppose 3*y - y - g = 0. What is the greatest common divisor of y and r?
8
Let u be 18/(-4) - 2/(-4). Let b be 32/20*(1 - u). Let c be 45 - ((-56)/(-8) - 10). What is the greatest common factor of c and b?
8
Let y = 203 + -163. What is the greatest common divisor of 100 and y?
20
Let a(g) = 2*g**3 - 4*g**2 + 5. Let b be a(2). Suppose 5*y - b*z - 606 + 116 = 0, -z + 397 = 4*y. Calculate the greatest common factor of y and 11.
11
Suppose 2*l = -5*u - 23 + 160, -2*l = 3*u - 131. What is the highest common factor of 976 and l?
61
Let y = 10 + 15. Suppose -4*w + 0*w + 3*d = -y, -40 = -3*w - 2*d. Let j be 110/4 + (-5)/w. What is the greatest common factor of j and 9?
9
Let q be (-8)/4 - -1*89. Let y be 12/28 - 25/(-7). Suppose -y*o - j + 119 = 2*j, -4*o + 120 = 4*j. What is the greatest common factor of q and o?
29
Suppose -5*m + 99 = -5*c + 9, -m - 2*c + 6 = 0. Calculate the greatest common divisor of m and 22.
2
Suppose 52 = -24*j + 26*j. Calculate the highest common divisor of 130 and j.
26
Let f = 242 + -158. Suppose 5*r + 2*s - 24 = 0, 2*r + 20*s - 6 = 18*s. What is the greatest common factor of f and r?
6
Let l(x) = x**2 + 9*x + 8. Let g be l(-8). Let i(z) = z**2 + z - 1. Let w be i(g). Let u be (-153)/w*(-3)/(-3). What is the greatest common divisor of u and 17?
17
Suppose 15*b - 2448 = 11*b. Calculate the greatest common divisor of b and 136.
68
Suppose -2*m + 76 = x - 4, 5*x = 2*m - 80. Calculate the greatest common factor of 32 and m.
8
Let y(m) = -m**2 - 10*m + 7. Let l be y(-8). Suppose -3*d - 141 = -18. Let w = -18 - d. What is the highest common divisor of l and w?
23
Suppose -2*d = 2*d - 208. Suppose -3*u = -4*r - 2 + d, u - 2*r = -16. Let n be (-76)/u - (-2)/(-9). Calculate the highest common factor of 1 and n.
1
Suppose -a = -0*a - 72. Let u = a + -51. What is the highest common divisor of 7 and u?
7
Suppose 9*w - 8*w = 289. Let i(v) = v**3 + 7*v**2 - 2*v - 8. Let s be i(-7). Suppose s*y - 53 - w = 0. Calculate the greatest common factor of y and 19.
19
Suppose -5*i + 983 - 18 = 0. Let y be i/(-3 + 4) + -4. Let x be (6*-1)/(24/(-108)). What is the greatest common factor of y and x?
27
Let r be (4/6)/((-44)/(-14124)). What is the greatest common factor of r and 321?
107
Suppose r + 14 = 15. Calculate the highest common factor of r and 64.
1
Suppose -2*p - 2176 = -18*p. What is the highest common divisor of 255 and p?
17
Suppose -6*k = -k + 45. Let f = -21 - -20. Let a be ((-3)/k)/(f/(-3)). What is the greatest common factor of a and 4?
1
Let b be (-2923)/316*(-27 + -1*1). What is the highest common factor of b and 148?
37
Let g be 1152/10*6480/486. What is the greatest common factor of 48 and g?
48
Suppose 0 = 4*t + q - 232, -q - 154 = -4*t + 78. Calculate the greatest common divisor of t and 319.
29
Suppose -7*m = -181 - 547. Let r be (-64)/(-14) - m/182. What is the highest common divisor of r and 10?
2
Let y be (-2220)/(-8)*(1 + 3/5). What is the greatest common factor of y and 12?
12
Suppose 3*k + 22*k - 25 = 0. Suppose 3*f = -0*f - 3, -2*f = 5*z - 23. Calculate the